-907. Let b = k + -195. What is the greatest common factor of b and i?
14
Let g be -3*-26*3/18. Let m be (-2)/(-7) - ((-9870)/(-49))/5. Let x = m - -79. What is the highest common factor of g and x?
13
Let b be 16 + 2 + 93268/14. What is the highest common factor of b and 50?
10
Let q be 1/(-2) - (-172)/8. Suppose -35282*z + 35328*z = 3542. What is the greatest common divisor of z and q?
7
Let d = -296 + 294. Let t be d/7 + 3/(-42)*-508. What is the highest common factor of t and 4?
4
Let b = -150 + 152. Suppose -3*z + 40 = 3*s - z, 5*s = b*z + 56. Let y be 9/(-2 + (-75)/(-36)). Calculate the highest common factor of s and y.
12
Suppose -q - 4051 = 3*f - 733, 3310 = -q + f. Let y be ((-4)/24)/(-4*(-6)/q). Calculate the highest common divisor of y and 2.
1
Suppose -4*q + 81 = -411. Suppose -5*n - 3*v = -1031, -4*n + 23*v + 810 = 18*v. What is the greatest common factor of n and q?
41
Let t be (-924)/42*((-13)/2 + 2). Let y(v) = 2*v**2 - 6. Let d be y(-6). Calculate the greatest common factor of t and d.
33
Suppose -f + 8 = -5*z - 7, -3*f = 2*z - 62. Let q be (589/93)/((-1)/60). Let n be (-4)/(16/q) + 5. What is the greatest common factor of f and n?
20
Let t(n) = -60 - n + 0*n - n + 31. Let o be t(-19). Calculate the greatest common divisor of 24 and o.
3
Suppose 2*i = 4*h + 10, 4*h - 3*i = -0*i - 9. Let p = h - -22. Suppose -3*n + p = -245. What is the highest common divisor of 11 and n?
11
Let k(s) = 7*s**2 - 26. Let q be k(4). Let n be ((-172)/6)/(-1 - 21/(-27)). What is the greatest common divisor of n and q?
43
Let w(u) = -8*u + 524. Let t be w(53). What is the highest common factor of t and 2450?
50
Let a(r) = -r**3 + 6*r**2 + 29*r - 57. Let v be a(4). Calculate the greatest common divisor of v and 6188.
91
Let k = -23550 - -29963. Calculate the highest common factor of k and 159.
53
Let q(r) = 29*r**2 - 18. Let f be q(-2). Calculate the greatest common factor of f and 1813.
49
Suppose -3*x + 22 = -l, -4*x + l = 2*l - 20. Let q(a) = -a**3 + 8*a**2 - 8*a - 2. Let c be q(x). Calculate the greatest common divisor of 352 and c.
22
Suppose 5*m = -25, -4*n + 64*m - 62*m + 94 = 0. What is the highest common divisor of 33 and n?
3
Let l = 1271 - 672. Let v = 1574 - l. Calculate the highest common factor of v and 13.
13
Let a(o) = -20*o + 27. Let i be a(7). Let w = i - -533. What is the highest common factor of 120 and w?
60
Suppose -98*v = 4*p - 102*v - 676, 0 = -2*p + 3*v + 335. What is the greatest common divisor of 108 and p?
4
Let d be (-5 + 4)*(-32 + 1). Suppose -5*l + 4*j + 1085 = 0, j + 347 = -l + 564. Calculate the greatest common factor of l and d.
31
Let j(q) = -137*q + 458. Let g be j(9). Let t = g + 793. What is the highest common factor of 18 and t?
18
Suppose 5*t + 23 = -2*f + 25, t + f = 1. Suppose 2*g - 102 - 110 = t. Calculate the greatest common factor of 2 and g.
2
Let f = 21 + -56. Let a = f - 0. Let j = a + 85. Calculate the greatest common divisor of j and 125.
25
Let b(h) be the second derivative of -2*h**3/3 + 33*h**2/2 + 14*h - 2. Suppose -5*k + 52 = 12. Let i be b(k). What is the highest common factor of i and 11?
1
Let f be 4 + ((-20)/90 - 10850/18). Let w = 612 + f. Calculate the greatest common divisor of 39 and w.
13
Let a = -10 - -5. Let q be (-310)/4*4/a. Suppose 139 = f - 4*s, -8*s = -2*f - 7*s + 306. What is the greatest common factor of f and q?
31
Suppose 0 = 5*d + s - 4, 4 = d + s - 0*s. Suppose d = 3*o - n + 186, 46 = -3*o - 2*n - 131. Let g = 72 + o. Calculate the highest common factor of 1 and g.
1
Let i(c) = -c**2 + 17*c - 23. Let r be i(14). Let u = -17 + r. Let s = 7 - u. What is the highest common divisor of 45 and s?
5
Suppose v - 6*r - 2689 = 0, 5*v - 13601 = 2*r + 2*r. Calculate the highest common factor of 75 and v.
25
Suppose 5*n = 2*c + 806, 35*n + 3*c = 33*n + 330. Let m be 1188/n*((-5)/(-2) + -1). What is the greatest common divisor of 506 and m?
11
Suppose 0 = h - 19 - 10. Let u(t) = t**2 + 49*t + 49. Let g be u(-54). Calculate the highest common divisor of g and h.
29
Let c be (-6)/(-4)*10/3. Let q(x) = x**2 + 2*x - 4. Let l be q(-6). Suppose 4*k = -l, -3*r + 0*k = k - 130. Calculate the highest common divisor of r and c.
5
Let a = -4478 + 4495. What is the greatest common divisor of a and 2329?
17
Suppose -155*z + 159*z - k - 319 = 0, -4*z = -2*k - 318. Let p be (-10)/(1 - 33/30). What is the highest common factor of z and p?
20
Suppose -13*j - 1 - 12 = 0. Let q(w) = -4*w. Let m be q(j). Suppose -5*c + 264 = -m*c. What is the greatest common divisor of 33 and c?
33
Suppose 25*g - 5049 + 1474 = 0. Let q be 2/5 - 874/10. Let b = g - q. What is the greatest common divisor of 46 and b?
46
Let g be 6/9 - (-22)/3. Let a be g/14*(-3 + (-246)/(-12)). What is the greatest common divisor of 30 and a?
10
Let z(d) = 26*d**2 - 228*d - 2081. Let r be z(-10). What is the highest common factor of r and 45?
9
Let i(o) = -11*o - 5. Let s be i(-7). Suppose 0 = -k + 6*k - d - 51, 0 = -5*k - 9*d - 9. Calculate the highest common divisor of k and s.
9
Let d = -13382 + 25197. Calculate the greatest common factor of d and 85.
85
Let q = -27476 + 27761. Suppose -8*d + 60 = -6*d. What is the greatest common factor of q and d?
15
Let a(g) = -g + 3*g + 2*g + 162 - g + 7*g. Let f be a(-15). Calculate the highest common factor of 228 and f.
12
Let j(u) = 478*u + 4602. Let b be j(-8). Calculate the highest common divisor of 23729 and b.
389
Suppose 4 = 3*o - 41. Suppose -20 = 4*s - 4*i, -4*s = -2*i - 3*i + 20. Let a = s - -8. What is the greatest common factor of a and o?
3
Let w = 7 - -389. Calculate the highest common divisor of w and 10494.
198
Let r be 161/46 - (-1)/2. Suppose 0 = v - 5*j + 164 - 728, r*v = 2*j + 2202. Calculate the highest common factor of 61 and v.
61
Suppose 0*x - 2*x = 58. Let n = x + 45. Suppose 6 = -h + n. What is the highest common factor of h and 10?
10
Suppose -60*w + 2075 = -65*w. Let p = -397 - w. What is the highest common divisor of p and 10?
2
Let g(m) = 2*m**3 - 9*m**2 + 2*m + 67. Let p be g(18). What is the greatest common divisor of 167 and p?
167
Suppose 31084 = 157*z - 182907. What is the highest common factor of z and 29?
29
Suppose 4*x - 5 = -3*c + 20, -26 = -5*x - 2*c. Let m be -18 + 173 + x/1. Calculate the highest common divisor of 53 and m.
53
Suppose -80*o = -114*o + 71162. Calculate the greatest common divisor of o and 364.
91
Let p(v) = 2*v**3 + 3*v**2 - 3*v + 2. Let y be p(-2). Suppose 7 - 91 = -y*r. Calculate the highest common factor of r and 9.
3
Suppose 24*n - 16*n = 608. Let o(g) = 2*g + 205. Let r be o(2). Calculate the greatest common factor of n and r.
19
Suppose 0 = -3*p - 154 + 397. Let j = 269 + -262. Let q be (-5 - (3 - j))/(3/(-27)). Calculate the highest common divisor of q and p.
9
Let b = -27036 + 27051. Let g be (65*-1)/((-4)/12). Calculate the highest common divisor of b and g.
15
Suppose 7*a - 1471 = -477. Let h = a - -88. What is the highest common factor of 46 and h?
46
Let y(a) = -31*a + 170. Let l(n) = -29*n + 171. Let k(z) = -3*l(z) + 4*y(z). Let i be k(4). Calculate the greatest common factor of 228 and i.
19
Let l be (-4 - 16)*((-14)/4 - -4). Let r be (16/l)/(2/(-25)). Calculate the highest common divisor of r and 740.
20
Let o(p) = 115*p**2 - 122*p + 700. Let l be o(6). What is the greatest common divisor of l and 316?
316
Let l = 192 + 53. Let w = -209 + l. What is the highest common factor of 36 and w?
36
Let l be 4*1 + 462/(18/3). Let g = l + -57. Suppose 3*z = -g + 69. What is the highest common factor of z and 120?
15
Let s = 18 - 16. Suppose 0 = 3*b - 4*u - 474, -4*b - 2*u = s*u - 604. What is the greatest common factor of b and 88?
22
Let h(y) = 14*y**2 - 10*y - 40. Let t be h(-8). What is the greatest common divisor of 3 and t?
3
Suppose 78808 = -31*v + 36*v + 2038. What is the highest common divisor of 18 and v?
18
Let c = 117 + -89. Suppose 3*f = d + c, -f + 8 = -0*d - d. What is the highest common divisor of 220 and f?
10
Suppose 4*w = -11*w + 60. Let s be (0 - 56 - w) + -3. Let y = -18 - s. Calculate the greatest common factor of y and 3.
3
Suppose 4*j = u - 872, -442 = 2*j - 6*u + 7*u. Let h = 349 + j. Calculate the highest common divisor of h and 10.
10
Let t = 5264 - 5254. Calculate the highest common factor of 4910 and t.
10
S